*s + 36 = -s. What are the prime factors of (-1 - 478/(-6)) + (-3)/s?
79
Let u(r) = r**2 - 11*r - 8. Let c be u(11). Let n(o) = -o**3 - 8*o**2 - o - 6. Let x be n(c). Suppose -x*d + s + 9 = -0*s, 9 = 3*s. List the prime factors of d.
2, 3
Let b = 673 - -4196. What are the prime factors of b?
3, 541
Let n(c) = c**3 + 15*c**2 - 5*c + 62. What are the prime factors of n(-13)?
3, 5, 31
Let n = 5945 + -3301. List the prime factors of n.
2, 661
Suppose 3*a - 4*g = 10790, -1822 = -a - 5*g + 1743. List the prime factors of a.
2, 5, 359
Suppose 0 = -10*x + 12534 + 10576. What are the prime factors of x?
2311
Let h(q) = -q**3 + 9*q**2 - 3*q - 2. Let m be h(8). Suppose -66 = -4*v + m. Let p = 43 - v. What are the prime factors of p?
17
Suppose -w + 42 = -3*q - 4*w, 0 = -2*q + 2*w - 36. List the prime factors of q/20*195/(-2).
2, 3, 13
What are the prime factors of (-521899)/(-203) - (-28)/406?
3, 857
What are the prime factors of (-413565)/(-1343) + (-1)/(-17)?
2, 7, 11
Let m(o) = o**2 + 4*o - 7. Let t be m(-6). Suppose 0 = t*n + 26 + 14. Let d = 11 + n. List the prime factors of d.
3
Let o = -116 + 112. What are the prime factors of 8/((-4)/o)*(14 - 4)?
2, 5
Let x be 1/(-5) + (-4805)/(-25). Suppose 0*m + 249 = 5*z + 4*m, -4*z = -4*m - x. List the prime factors of z.
7
Let v = -5 - -5. Suppose v = y - 3*g - 15, -3*y - 4*g + 0*g - 20 = 0. Suppose y = -4*h + 32 + 56. What are the prime factors of h?
2, 11
Let w(p) = -p**2 + 3*p + 4. Let n be w(3). Suppose -5*g - 8 = n*f, f + 4*f + 3*g = 3. Suppose -d = -f*d + 20. What are the prime factors of d?
2, 5
Suppose -5*v = 2*c + 1438 - 6941, 0 = 2*v + 2*c - 2206. What are the prime factors of v?
7, 157
Let b(q) = 625*q - 23. List the prime factors of b(3).
2, 463
Suppose -9*n + n - 24 = 0. What are the prime factors of -4*426/(-10) + n/(-5)?
3, 19
Suppose -142*u + 343 = -135*u. What are the prime factors of u?
7
Suppose 0 = -p + 3*n + 563, 5*p = 14*n - 19*n + 2775. What are the prime factors of p?
557
Let p(h) = -h**2 - 2*h + 14. Suppose -8*a = 2*a - 9*a. What are the prime factors of p(a)?
2, 7
Let z(y) = 201*y + 13. List the prime factors of z(2).
5, 83
Suppose -l - 2*l + 37 = -u, 4*l = -3*u + 58. Let s = 16 - l. Suppose s*q + 1 + 1 = -5*m, -4*q - 16 = 0. List the prime factors of m.
2
Suppose 3*z - 11 = 4. Suppose -2*p + 1 = -z*k + 53, -k + 3*p = 0. What are the prime factors of k?
2, 3
Let i(s) = -s**3 + 16*s**2 - 6*s - 27. What are the prime factors of i(12)?
3, 53
Let r(o) = 3*o**2 + 14*o + 47. What are the prime factors of r(-13)?
2, 3, 31
Let h(p) = 4*p**2 - 2*p. Let l(x) = 1 - 3*x - 4*x**2 + 6*x - x**2 - 2*x**2. Let w(z) = -5*h(z) - 3*l(z). What are the prime factors of w(-7)?
3, 13
Let k be (9 - 8)*(-1 + 29). Let g = 37 + k. List the prime factors of g.
5, 13
Suppose -4*y - 2*g - 2*g + 32 = 0, g - 17 = -4*y. Suppose 2*u + 3*v - 321 = 0, 12 = 3*v + y. List the prime factors of u.
2, 3, 13
Let q be 3 - (-1 + -1)/(2/(-1)). Suppose -2*o + 86 = -q*i - 28, 4*o = 2*i + 224. List the prime factors of o.
5, 11
Let i(y) be the third derivative of y**6/120 - y**5/60 - y**3/3 + 18*y**2. What are the prime factors of i(2)?
2
Let a be 1*(0 + 3 - 2). Let k be 1 + a + 0 + 2. Suppose 0*z = -k*z + 120. What are the prime factors of z?
2, 3, 5
Let m be (-56)/(-1) + (14 - 11). Let p = m - -28. Suppose -t = 5*v - p, -5*v = 2*t - 97 + 8. What are the prime factors of v?
17
Let r(i) = -9*i - 7. Let y(u) = 8*u + 6. Let v(t) = 6*r(t) + 7*y(t). Let s be v(3). Suppose -14 - s = -2*d. List the prime factors of d.
2, 5
Let n(j) = -j**3 - 12*j**2 - 11*j - 3. Let u be n(-11). Let p be (-6)/u*5/2. Suppose -3*i - 7 = -5*i - p*t, 5 = -5*t. What are the prime factors of i?
2, 3
Suppose -4*w = 5*f - 621, -2*w - 505 = -4*f + 3*w. Let s = f + 37. List the prime factors of s.
2, 3
Suppose 3*w = w - 4, -2*w - 18 = -2*k. Suppose 3*g = 1 - 199. List the prime factors of k/(-7)*g/2.
3, 11
Let o(j) = -j - 7. Let m be o(-13). Suppose -2*x - 2 = -m. Suppose -177 = -5*f + x*f. What are the prime factors of f?
59
Let y = 1392 + -250. What are the prime factors of y?
2, 571
Let l = -938 + 1313. List the prime factors of l.
3, 5
Let c(y) = -y**3 - 7*y**2 - y - 13. Let j be (0 + -1)/((-1)/(-8)). List the prime factors of c(j).
59
Let k be 3/(1 + (-4)/(-60)*-14). Let l = -4 + k. List the prime factors of l.
41
Let i(u) = -9*u**3 + u**2 + 5*u + 5. List the prime factors of i(-2).
71
Let z = 735 - 1. What are the prime factors of z?
2, 367
List the prime factors of 18/48 - (-2 - (-37140)/(-32)).
1163
Let d(a) = -a + 2. Let n be d(-3). Suppose -6*w + n*w + 100 = 0. Let f = w - 60. List the prime factors of f.
2, 5
Suppose -136*j + 1412 = -132*j. What are the prime factors of j?
353
Suppose -25 + 13 = -3*h. Suppose h*c - 23 = -s, -5*s + 3*c = -c - 91. List the prime factors of s.
19
Suppose 35*b = 22742 + 16773. List the prime factors of b.
1129
Suppose -n + 742 = -15*j + 18*j, -n - 2*j = -745. List the prime factors of n.
751
What are the prime factors of (-13)/(513/129 - (-1 + 5))?
13, 43
Suppose s + 3*u - 9 = u, s = 3*u - 6. Suppose 2*o + s*o + 205 = 5*d, o - 144 = -4*d. List the prime factors of d.
37
List the prime factors of 768 - 4*(-5)/10.
2, 5, 7, 11
Suppose -t - 2*s - s + 85 = 0, -5*t + s = -425. What are the prime factors of t?
5, 17
Suppose -6*g + 2*q = -2*g - 1378, 352 = g + 2*q. List the prime factors of g.
2, 173
Suppose -4*g + i = -2010, 0*g - 5*i - 996 = -2*g. What are the prime factors of g?
503
Suppose 3*d = 10*d + 133. Let p = d - -42. What are the prime factors of p?
23
Let f = 36 - 30. Let v be (-8)/f + 2/6. Let i(u) = 18*u**2 - 3*u - 2. List the prime factors of i(v).
19
Let s = 16 - 14. Suppose b = -2*j + 73, 2*b - 304 = -2*b - s*j. Suppose b = 3*c - 28. What are the prime factors of c?
5, 7
Let m(n) = 5*n. Suppose 3*c + 3*a = 0, 2*a = -5*c - 4 + 13. Let d be m(c). Let w = d + 5. List the prime factors of w.
2, 5
Let g(r) = 14*r**3 - 2*r**2 - 3*r - 2. Let h be g(3). Let b = h - 199. What are the prime factors of b?
2, 3, 5
Let l(s) = -s**2 + 1. Let h(g) = 3*g**2 - 6*g - 2. Let b(n) = -h(n) - 4*l(n). Let y be b(-7). Let w(x) = 2*x**2 - 5*x - 2. List the prime factors of w(y).
23
Suppose -239*i + 16016 = -231*i. What are the prime factors of i?
2, 7, 11, 13
Let p(b) = -b + 12. Let k be p(10). Suppose 28 + 36 = k*j. Let o = j + -13. List the prime factors of o.
19
Let p(n) = n**3 + 25*n**2 + 17*n - 64. List the prime factors of p(-15).
1931
Let i(v) = 57*v - 14. List the prime factors of i(4).
2, 107
Let g(k) = 4*k**2 - 21*k - 39. List the prime factors of g(14).
11, 41
Let c = 86 + -79. Suppose -4*n = c*n - 638. What are the prime factors of n?
2, 29
Suppose 65260 = 1113*g - 1093*g. What are the prime factors of g?
13, 251
Let k = -4 - -4. Suppose k = 4*u + 2*u + 42. List the prime factors of 2/u - (-149)/7.
3, 7
Suppose -22*t + 17154 = -6122. What are the prime factors of t?
2, 23
Suppose 0 = -10*z + 6717 + 473. What are the prime factors of z?
719
Suppose -3*x - 3*g + 141 = 0, -3*g = -5*x + 2*g + 265. Suppose -v + x = j, -2*j + 95 = v - 0*v. What are the prime factors of j?
3, 5
Let w(d) = 22*d - 9 - 3 - 4*d**2 + 0*d**2 + 3*d**2. What are the prime factors of w(14)?
2, 5
Let i(w) = 3*w - 9. Suppose 2*h - u - 10 = 0, 3*h = -3*u + 15 - 0. Let q be 16*(h/2 - 2). List the prime factors of i(q).
3, 5
Suppose 64 = -5*z + 44. Let o = 67 + z. What are the prime factors of o?
3, 7
Let m = -69 + 38. Let v = -17 - m. What are the prime factors of 6/(-2)*v/(-6)?
7
Let p = 2361 + -1608. Suppose -6*i = -p + 27. List the prime factors of i.
11
Let y(h) = -3*h + 9. Let q be y(7). Let c = q - -16. Suppose -2*n = -3*p - 2*p - c, 5*p - 10 = 0. What are the prime factors of n?
7
Let b = 7 - 6. Let a be (1/2)/(b/6). Suppose -a*i = -99 - 24. What are the prime factors of i?
41
Suppose -97*c + 21591 = -88*c. What are the prime factors of c?
2399
Suppose 5*n = n + 2*p + 124, 156 = 5*n - 2*p. Suppose k + 5*u - 98 = -n, 2*k - u = 88. What are the prime factors of k?
2, 23
Let r be 6*(-5)/(-1)*15/3. Suppose -r - 90 = -2*s - 4*a, -s - 4*a + 130 = 0. List the prime factors of s.
2, 5, 11
Let g(i) = -16*i**2 + 2*i + 47*i**2 + 429 - 428. Let o = 5 + -6. List the prime factors of g(o).
2, 3, 5
Let z be (13/39)/((-1)/(-27)). Suppose 17 = 2*t - z. What are the pri